3*q - 116 + 114 - q**2. What is p(-1)?
26
Suppose -4*w + 7 + 1 = 0. Suppose 2*g = -w*l + 12, -4 = l - 0*l - g. Let o(c) = -2*c**3 + 3 + l - 11*c**2 - c - 6 + 13*c**2. What is o(2)?
-12
Let c(n) be the first derivative of n**5/15 + 10*n**3/3 + 2. Let l(s) be the third derivative of c(s). What is l(1)?
8
Let q(l) = l**3 - l**2 + l - 1. Let z(p) = 3*p**3 + 3*p**2 + 2*p - 7. Let o(s) = 2*q(s) - z(s). Determine o(-4).
-11
Suppose u + f - 2 = -4, 0 = -u - 2*f - 7. Let m be (-36)/27 + 16/u. Let w(o) = -3*o + 4. What is w(m)?
-8
Let a(w) = -w**2 - 6*w - 6. Suppose 4*g - 18 + 30 = 0. Give a(g).
3
Let p = -8 - -4. Let g(y) = -4 + 4 - 1280*y + 1278*y. Calculate g(p).
8
Let g(k) be the first derivative of k**2/2 + 9*k + 111. Calculate g(-8).
1
Suppose 0 = -3*v + 5*d - 2*d + 15, 0 = 5*v + 3*d - 25. Let t(u) be the first derivative of u**4/4 - 4*u**3/3 - 7*u**2/2 - 2*u + 18. Give t(v).
-12
Let x(q) be the first derivative of q**2/2 - q + 3. Let a(p) = -2*p**2 - 4*p - 3. Let h be (4/4)/(2/(1 + -3)). Let f be a(h). Give x(f).
-2
Let h(b) = -b**2 - 9*b - 4. Suppose -38 = 4*c - 2*m, 5*c - 6*m + 10 = -11*m. Give h(c).
10
Suppose 0 = 2*h - 19 + 9. Suppose -10 = -3*l - 2*l - h*d, 4*d - 14 = 2*l. Let y(m) = 4*m**2 + 1. Determine y(l).
5
Let v(y) = -3*y**3 - 10*y**2 + 2*y - 8. Let i(k) = -k**3 - 5*k**2 + k - 4. Let g(w) = -5*i(w) + 2*v(w). What is g(5)?
-1
Let z(n) = -n**3 + n**2 - n - 1. Let s(a) = -3*a**3 + a**2 - 2*a - 4. Let w(p) = -s(p) + 2*z(p). Let r be w(0). Let d(y) = 0*y + 0*y - 2*y - 3 + 2. Give d(r).
-5
Let r(c) = -8*c. Suppose -45 = 13*b + 7. Determine r(b).
32
Let p(h) = h**3 - 4*h**2 - 9*h - 16. Let g be p(6). Let y(u) = -7*u**2 - 8*u + 8. Let v(f) = 6*f**2 + 7*f - 7. Let k(z) = -6*v(z) - 5*y(z). Calculate k(g).
-6
Let b(w) = -5*w**2 - 4*w - 2*w**3 + 3*w + w**3 - w - 11. Let y be b(-5). Let x(v) = 7*v - 1. Calculate x(y).
-8
Let n(h) be the first derivative of h**3/3 - 7*h**2 + 33*h - 265. Calculate n(12).
9
Let n(t) be the first derivative of -t**3/6 + 5*t**2 + 17*t + 17. Let x(m) be the first derivative of n(m). Calculate x(0).
10
Let b(o) be the second derivative of -13*o**4/12 - o**3/6 + 34*o. Give b(-1).
-12
Suppose -4*i + 16 = 0, -2*h + 8*i - 4*i = 16. Let x(k) = -1 + 2*k**2 - 49*k - 2 + 54*k - k**3 + h*k**3. Give x(3).
3
Let s(m) be the second derivative of -m**3/6 - 3*m**2 + 3*m. Let k be -7 - (5 + -7 - -2). Calculate s(k).
1
Let b(j) = -56*j + 31. Let o(g) = -103*g + 62. Let s(c) = 11*b(c) - 6*o(c). Give s(14).
-3
Let g(a) = a**3 + 11*a**2 - 9*a - 17. Let m(q) = q**3 + q - 5. Let r(h) = g(h) - 2*m(h). Determine r(10).
-17
Let v(z) be the second derivative of z**3/3 + 37*z - 1. Calculate v(3).
6
Let o(c) = -c**2 - 10*c - 17. Let m = -201 - -196. Determine o(m).
8
Suppose 3*l - 10 = -4. Let k(c) = 0*c - c**3 + 2 - 6*c + 3*c - 5*c**l + 2*c. Let q(z) = -z**3 - 5*z**2 - 8*z - 19. Let d be q(-4). Determine k(d).
-13
Suppose -3*h = -10 + 4. Let z = -4 + 6. Let m(f) = 4*f + 2*f + z*f. Calculate m(h).
16
Suppose 84 = -62*f + 50*f. Let v(c) = -c**2 - 10*c - 15. Calculate v(f).
6
Let x(y) = -y**2 + 5*y + 4. Let i(u) = 2*u**2 - 6*u - 4. Let g(z) = 2*i(z) + 3*x(z). Suppose -5*n + 3*d = 35, -24 = n - 4*d - 0*d. Determine g(n).
8
Let i(t) = -6*t - 3. Let s be (-14)/(-2)*(-34)/(-119). Calculate i(s).
-15
Let r(v) = 1 - 45*v - 4 + 51*v + 4 - v**2. What is r(5)?
6
Let a(u) be the third derivative of -u**5/60 - 2*u**4/3 + 41*u**3/6 - 24*u**2 - 2*u. Calculate a(-18).
5
Let n(o) = o**2 + 14*o - 3. Suppose -3*a + 10*q - 55 = 15*q, -4*a - 62 = q. Give n(a).
12
Let y(q) = -q**2 + 3*q - 2. Suppose -18 = -4*m - 5*m. Suppose 2*v = v + 3*c + 14, 4*v = m*c + 26. Calculate y(v).
-12
Let n(a) = 10*a**2 + 279*a - 17. Let l be n(-28). Let h(c) = -2*c + 18. Give h(l).
-4
Let a(o) be the first derivative of 5/6*o**3 + 1/12*o**4 + 1 + 4*o - 7/2*o**2. Let v(d) be the first derivative of a(d). Give v(-6).
-1
Let x(p) be the third derivative of p**7/2520 - p**6/180 + 2*p**5/5 - 27*p**2. Let i(o) be the third derivative of x(o). Give i(8).
12
Let y(i) = -3*i**2 + 4*i - 3. Suppose -t + 213 - 210 = 0. What is y(t)?
-18
Let b(r) = 9*r + 19. Let x(v) = -10 - 3*v + 10*v - 12*v. Let f(k) = -4*b(k) - 7*x(k). Give f(0).
-6
Suppose 4*k = -5*m - 33 - 4, m + 11 = -2*k. Let v(d) = 3*d + d**3 - d**2 - 4 + 2*d**3 - 4*d**3. Determine v(k).
5
Let b(m) = -4*m + 1. Let o(i) = 4*i - 1. Suppose -61 = -s - 56. Suppose 4*j + 8*f - 3*f = 19, 0 = 3*j - 3*f - 21. Let c(w) = j*b(w) + s*o(w). Determine c(-2).
9
Let f be (-1 - -5) + 0 + -1. Let n(r) = -2*r**f - 42*r + 3 + 41*r + 3*r**2 - 2. Suppose -4*j = t - 14, -2*t = -t + 2*j - 8. Calculate n(t).
-5
Let u(k) = -5*k**2 - 5*k + 3. Suppose 57*a = -71*a + 128. Determine u(a).
-7
Let u(t) be the third derivative of t**5/60 - t**4/24 + t**3/3 - 15*t**2. Suppose 2*j = -4, -2*j - 39 + 19 = -4*y. Determine u(y).
14
Suppose -2*m - 4 = 0, -5*n + 18 = -3*m - 3. Let y(l) = 9*l - 9. Let d(z) = -19*z + 19. Let t(x) = 6*d(x) + 13*y(x). Calculate t(n).
6
Let u(g) = 12*g - 21*g + 2*g**2 + 11*g + 1. Let r(f) = -2*f**2 - 12*f - 11. Let i be r(-5). Determine u(i).
1
Suppose m = 3*f + 2, 3*m + 4*f + 7 = -0*m. Let v be (-4)/8 + (-1)/(-2). Let i(d) = 2 + v + 6*d - 1. Give i(m).
-5
Let i(h) = -h**3 + 4*h**2 + 4*h. Let t = -16 - -19. Suppose 2*s = 2*d - t*d - 2, -3*s = 5*d + 3. Suppose c - 3*c + 10 = d. What is i(c)?
-5
Suppose -h = 5*m + 12, -3*h = 2*m + m + 12. Let c(i) = i**3 + 4*i**2 + 3*i + 1. What is c(h)?
3
Let w(z) = -2*z - 10. Let g be 13/39 - 25/3. Give w(g).
6
Let h(w) = w**2 - 4. Let g be h(3). Let n(j) = -3*j + 4. What is n(g)?
-11
Let v(y) be the first derivative of 3*y**4/4 - 4*y**3/3 - 3*y**2/2 + 60. What is v(-2)?
-34
Let k(g) = -2*g**3 + 21*g**2 + 9. Let r be k(0). Let i(x) = 2*x - 4*x + x + 6. Give i(r).
-3
Let v(n) be the third derivative of n**6/120 + n**5/30 + 109*n**2. Determine v(-1).
1
Suppose 7 = -g - 5*x - 14, 3*g + 27 = 3*x. Let y(h) = 3*h + 10. Calculate y(g).
-23
Suppose -2 = -5*y + 8. Suppose -s - 2 = -5*j, j = -y*s + 2*j - 13. Let d(i) = -i**3 - 6*i**2 + 5*i - 4. Determine d(s).
10
Let b(t) = -t**3 + 4*t**2 - 2*t + 6. Let s(c) = -c - 1. Let h be s(-3). Suppose 0 = h*f + 1 + 15. Let o = -4 - f. Calculate b(o).
-2
Let f(v) = -2*v**2 - 4 + 3*v**2 - 3. Suppose 65*o = 91*o. Determine f(o).
-7
Let k(o) = -904*o - 1 + 902*o + 3*o**2 - 4*o**3 + 3*o**3. Let r(s) = -5 + 5*s + s - 5*s**2 + s**3 - 1. Let c be r(4). Calculate k(c).
-1
Suppose -4*p - 5*y - 5 = -3, 0 = -p + 3*y + 8. Let w(s) be the second derivative of 0 + 1/2*s**p + 3*s - 1/12*s**4 + 0*s**3. Determine w(-2).
-3
Let o(u) = 8*u + 7*u**2 - 2*u - 8*u**2 + 8 + 2*u**2. Give o(-9).
35
Let b(t) = 2 + 0 + 3251*t - 3242*t. What is b(5)?
47
Let v(u) = -435*u + 1740. Let n be v(4). Let k(i) = 4*i**2 - 2*i**2 - 1 - i**2. Calculate k(n).
-1
Let w(s) = -s**2 + 11 - 13*s - 4*s**3 + s**3 + 4*s**2. Let o(h) = 5*h**3 - 5*h**2 + 20*h - 17. Let r(n) = -5*o(n) - 8*w(n). Let u = -1 - -3. Determine r(u).
1
Let b(c) = -15*c**2 - c**3 + 14*c**2 + 4*c**3. Suppose 4*t = 16, 2*u = -4*t + t + 10. Give b(u).
-4
Let u be 7 + -5 + 0/(-3). Suppose u*g = -2*o + 14, 0 = 4*g - 2*o + 1 + 1. Let t(d) = -8*d - 2 + 0*d**g + 5*d**2 - 4*d**2. Calculate t(6).
-14
Let t(u) = u - 6. Let a be 4 - -3 - (2 + 0). Suppose -g + 1 = -0*g, -c - a*g = -17. Let x be t(c). Let z(m) = -m + 9. Calculate z(x).
3
Let y(v) be the third derivative of v**5/30 - v**4/8 + v**3/2 + 41*v**2 + 2*v. What is y(3)?
12
Let l(k) = -2*k. Let w(r) be the second derivative of 5*r**3/3 + 4*r**2 - 2*r + 12. Let h(o) = -3*l(o) - w(o). Calculate h(-6).
16
Let m(t) be the second derivative of -t**5/20 - t**4/3 - 3*t**2/2 + t. Suppose 5*h = 6*h + 4. Calculate m(h).
-3
Let c(t) = -11 + 36 - 10 - 4*t - 13. Let g be (-3)/2*(-28)/(-21). What is c(g)?
10
Let c(v) be the third derivative of 1/120*v**6 - 5/6*v**3 + 4*v**2 + 0*v + 0 + 0*v**4 + 1/60*v**5. Let h = -3 + 3. What is c(h)?
-5
Let b(n) be the second derivative of -4*n**3/3 - n**2/2 - 326*n. What is b(4)?
-33
Let p be (-4 - -2)*2/1. Let d(r) = -7*r**3 - 9*r - 13. Let z(n) = 2*n**3 - 2*n**2 + n + 3. Let m(o) = d(o) + 3*z(o). Calculate m(p).
-12
Suppose -b = 5*f - 20 + 5, f - 123 = -5*b. Let v(y) = b*y - 11*y - 13*y - 16*y**3. Calculate v(-1).
15
Let w(i) = i**3 - 5*i**2 + 5*i - 7. Let u be (20/(-15))/((-1)/3). Let n be w(u)